s j(4)?
-22
Let z(a) = -19934*a - 59821. Calculate z(-3).
-19
Let l(s) = 19*s**2 - 346*s + 86. Give l(18).
14
Let v(n) = -n**3 - 32*n**2 - 240*n + 59. Calculate v(-20).
59
Let o(g) = -g**3 + 2*g**2 + 8*g + 45. Determine o(5).
10
Let c(n) = -n**3 - 22*n**2 - 14*n - 266. Determine c(-22).
42
Let p(c) = 2*c**3 + c**2 - 190*c + 555. Determine p(3).
48
Let a(f) = f + 377. Determine a(-12).
365
Let k(m) = -m**3 - 9*m**2 + 69. Determine k(-8).
5
Let m(b) = 6*b**3 + 85*b**2 + 15*b + 21. What is m(-14)?
7
Let i(b) = -14*b**2 + 1627*b - 321. Determine i(116).
27
Let u(n) = 2*n**3 + 135*n**2 - 203*n + 246. Calculate u(-69).
-30
Let m(q) = -q**3 - 11*q**2 + 48*q + 599. Determine m(-9).
5
Let y(u) = 2*u**3 + 11*u**2 - 9*u - 3. Determine y(-7).
-87
Let u(t) = 262*t + 2587. Give u(-10).
-33
Let r(m) = 3*m**3 - 75*m**2 - 11*m + 99. What is r(25)?
-176
Let z(w) = 134*w - 1860. Give z(16).
284
Let b(d) = 7*d - 9. Give b(3).
12
Let a(u) = -u**2 + 46*u - 289. What is a(7)?
-16
Let j(n) = -5*n**2 + 56*n + 30. Determine j(11).
41
Let o(d) = -d**2 + 125*d - 2182. Determine o(21).
2
Let l(u) = 2*u**2 - 120*u - 816. Determine l(-7).
122
Let z(j) = 345*j**3 - 21*j**2 + 22*j - 1. Calculate z(1).
345
Let i(k) = k**3 - 23*k**2 + 132*k + 16. Give i(12).
16
Let j(q) = -q**3 + 9*q**2 - 3*q + 8. Determine j(10).
-122
Let l(y) = y**3 - 9*y**2 - 68*y + 608. Give l(9).
-4
Let j(k) = 25*k**2 - 2*k + 17. Calculate j(4).
409
Let z(j) = -8*j**2 + 133*j - 210. What is z(15)?
-15
Let x(q) = 79*q - 1519. Give x(19).
-18
Let v(z) = z**3 + 19*z**2 + 17*z + 24. Give v(-18).
42
Let l(u) = -u**3 - 15*u**2 - 23*u + 87. What is l(-5)?
-48
Let d(f) = -5*f + 114. Calculate d(28).
-26
Let j(r) = 41*r - 614. What is j(15)?
1
Let s(w) = 105*w - 521. Give s(5).
4
Let t(c) = 10*c**2 + 229*c - 700. Calculate t(3).
77
Let j(l) = l**2 + 489*l - 12313. Determine j(24).
-1
Let r(l) = 3*l**3 - 28*l**2 - 30*l + 161. What is r(10)?
61
Let i(t) = 3*t**2 - 386*t - 3414. Give i(137).
11
Let s(b) = b**3 - 19*b**2 - 5*b + 455. Calculate s(18).
41
Let y(r) = -r**3 - 14*r**2 - 47*r + 1. Give y(-6).
-5
Let p(j) = -j**3 + 29*j**2 - 79*j - 24. Give p(26).
-50
Let z(q) = 6*q + 214. Give z(15).
304
Let a(i) = i**2 - 158*i - 21314. Give a(-87).
1
Let b(y) = -4*y + 233. Calculate b(13).
181
Let t(g) = -83*g - 915. Calculate t(-11).
-2
Let j(u) = -2*u**2 + 72*u + 203. Give j(-3).
-31
Let x(u) = u**3 - 21*u**2 - 65*u - 205. Calculate x(24).
-37
Let n(k) = 107*k + 3467. Determine n(-31).
150
Let j(c) = -1914*c + 21041. Determine j(11).
-13
Let f(d) = 824*d + 15647. Determine f(-19).
-9
Let p(z) = z**3 + 103*z**2 + 2271*z - 40. Calculate p(-32).
-8
Let w(n) = -95*n**2 - 2*n - 3. What is w(-1)?
-96
Let k(u) = -16*u + 250. What is k(10)?
90
Let n(a) = -1024*a - 3092. Calculate n(-3).
-20
Let g(y) = -14*y**2 + 212*y + 8. Give g(15).
38
Let u(r) = r**3 - 78*r**2 - 86*r + 547. What is u(79)?
-6
Let y(x) = -80*x**2 - 22*x + 1. Give y(-1).
-57
Let r(n) = 11*n**2 - 18*n + 12. Give r(6).
300
Let z(c) = 172*c - 5381. Determine z(31).
-49
Let b(p) = -42*p + 11415. Calculate b(272).
-9
Let k(h) = 13*h**2 - 661*h - 17. What is k(51)?
85
Let k(j) = j**3 - 13*j**2 + 26*j - 7. What is k(11)?
37
Let f(g) = g**2 + 17*g + 57. Determine f(-10).
-13
Let y(v) = 9*v**2 + 44*v + 30. Give y(-4).
-2
Let j(f) = 18*f**2 - 140*f - 39. Give j(8).
-7
Let h(t) = 186*t + 2819. Determine h(-15).
29
Let v(q) = -162*q**2 + 8*q + 15. Determine v(-2).
-649
Let r(y) = 6*y**3 - 90*y**2 + 2*y - 23. Calculate r(15).
7
Let o(c) = 32*c**2 - 3*c - 1. Give o(-2).
133
Let i(r) = -r**3 - 9*r**2 - 9*r + 23. What is i(-6)?
-31
Let s(f) = 6*f - 141. Calculate s(31).
45
Let u(v) = 3*v**3 + 271*v**2 + 88*v - 226. Determine u(-90).
-46
Let h(l) = -20*l + 599. What is h(27)?
59
Let q(u) = 17*u**2 + 1697*u - 305. Give q(-100).
-5
Let a(c) = 4*c**3 + 125*c**2 + 13*c - 555. Calculate a(-31).
3
Let s(u) = -7*u**2 + 52*u - 543. Determine s(11).
-818
Let q(c) = 110*c**2 + 4*c + 5. Determine q(-1).
111
Let z(j) = 13*j + 159. What is z(0)?
159
Let q(n) = -120*n + 476. Determine q(5).
-124
Let n(u) = -u**3 - 48*u**2 - 146*u + 1256. Determine n(-44).
-64
Let w(f) = -f**3 - 22*f**2 + 13*f + 400. Determine w(-21).
-314
Let h(c) = 79*c + 5768. What is h(-73)?
1
Let h(r) = r**2 + 306*r - 1865. Calculate h(6).
7
Let b(r) = -639*r - 3617. Calculate b(-7).
856
Let x(u) = -20*u**2 - 92*u + 2. Determine x(-4).
50
Let i(h) = -5*h - 13. What is i(27)?
-148
Let y(o) = 18*o**2 + 148*o + 30. Give y(-8).
-2
Let q(i) = 2*i**2 - 52*i + 283. What is q(6)?
43
Let u(c) = -9*c**2 - 982*c - 114. Calculate u(-109).
-5
Let j(t) = -t**2 + 11*t + 20. What is j(9)?
38
Let t(s) = -s**3 - s**2 + 4*s - 170. Give t(0).
-170
Let a(n) = 2*n**3 + 10*n**2 + 17*n + 22. Calculate a(-3).
7
Let m(g) = -g + 30. What is m(30)?
0
Let w(b) = -b**2 - 70*b + 72. Calculate w(1).
1
Let h(z) = 2*z**2 + 33*z - 85. Calculate h(-21).
104
Let m(i) = 159*i - 12564. Determine m(79).
-3
Let h(u) = 535*u - 3234. Determine h(6).
-24
Let j(f) = 2*f**2 + 9*f - 15. Give j(-5).
-10
Let n(s) = -494*s - 11849. Give n(-24).
7
Let u(p) = 16*p - 364. Calculate u(22).
-12
Let w(g) = -g**2 - 2031*g + 18364. Give w(9).
4
Let y(x) = 54*x - 294. Give y(7).
84
Let l(r) = -r**3 + 20*r**2 + 6*r + 409. What is l(21)?
94
Let a(p) = p**3 + 8*p**2 - 10*p + 94. Give a(-10).
-6
Let u(b) = -18*b**2 - 713*b + 283. Give u(-40).
3
Let h(q) = -14*q**2 + 86*q - 21. Calculate h(6).
-9
Let v(o) = -56*o + 1578. Give v(30).
-102
Let g(q) = q**3 - 8*q**2 - 18*q + 85. Determine g(9).
4
Let i(a) = -4*a**3 - 21*a**2 + 29*a + 20. What is i(-6)?
-46
Let r(j) = j**3 + 7*j**2 - 25*j - 56. Calculate r(-6).
130
Let y(p) = 61*p - 7. What is y(5)?
298
Let x(d) = d**2 - 60*d - 509. Give x(-10).
191
Let p(r) = -183*r - 3849. Calculate p(-21).
-6
Let o(c) = -28*c - 77. Calculate o(-6).
91
Let r(i) = -12*i**2 + 35*i - 75. What is r(2)?
-53
Let k(l) = -l**3 - l**2 - 13*l - 22. Give k(-2).
8
Let m(b) = -285*b - 2562. Determine m(-9).
3
Let o(f) = -f**3 - 3*f**2 + 6*f + 5. Calculate o(-2).
-11
Let t(q) = 34*q**3 - 171*q**2 + 7*q - 6. Determine t(5).
4
Let j(n) = -n**3 + 54*n**2 - 194*n - 144. Determine j(50).
156
Let c(a) = 162*a + 1295. Give c(-8).
-1
Let g(r) = -274*r**2 + 22741*r + 73. What is g(83)?
-10
Let k(t) = 15*t**2 + 41*t - 295. What is k(-6)?
-1
Let r(w) = w**3 - 21*w**2 + 99*w - 1859. Calculate r(21).
220
Let b(g) = -g**3 + 21*g**2 + 21*g + 45. Give b(10).
1355
Let x(i) = i**2 + 133*i + 3360. What is x(-34)?
-6
Let u(w) = 303*w - 5742. What is u(19)?
15
Let p(w) = -20*w**2 + 34*w + 1. Determine p(0).
1
Let f(p) = -p**2 + 36*p - 119. Give f(4).
9
Let a(g) = 2*g**3 + 70*g**2 + 4*g - 49. Give a(-35).
-189
Let u(f) = 91*f + 107. Give u(-1).
16
Let g(t) = 4*t**2 - 117*t - 9315. What is g(65)?
-20
Let y(v) = -2*v**3 - 6*v**2 - 6*v + 5. Give y(4).
-243
Let l(t) = -2*t**2 - 40*t + 249. Calculate l(6).
-63
Let r(j) = -j**3 - 13*j**2 - j + 305. Calculate r(-10).
15
Let j(o) = -18*o**3 + 78*o**2 - 37*o + 45. Determine j(4).
-7
Let c(l) = -l**3 - 16*l**2 + 261*l + 5. Give c(-26).
-21
Let z(j) = 44*j**2 - 18*j - 2. Give z(2).
138
Let b(a) = 89*a + 869. Give b(-10).
-21
Let o(u) = 14*u**2 + 202*u + 258. Calculate o(-12).
-150
Let y(h) = -h**3 + 9*h**2 - 17*h - 1. Give y(7).
-22
Let j(q) = -3*q**2 + 56*q + 38. Give j(21).
-109
Let n(l) = -9*l**2 + 441*l - 28. Give n(49).
-28
Let x(o) = 5*o**2 - 45*o + 305. What is x(7)?
235
Let h(w) = 63*w - 3100. Determine h(49).
-13
Let t(z) = 15*z**3 - 5*z**2 + 10*z + 14. Determine t(-1).
-16
Let t(s) = -78*s**2 - 895*s + 488. Calculate t(-12).
-4
Let p(q) = q**3 - 21*q**2 - 6*q + 129. Give p(21).
3
Let i(o) = 11*o - 223. What is i(0)?
-223
Let x(l) = -l**3 - 18*l**2 - 34*l + 27. Give x(-16).
59
Let s(q) = q**2 + 28*q + 4. Calculate s(6).
208
Let y(l) = 261*l + 23991. What is y(-92)?
-21
Let n(k) = -118*k**2 - 25*k + 6. What is n(-1)?
-87
Let v(m) = -m**2 - 12*m - 22. Give v(-16).
-86
Let g(h) = -358*h + 2505. Determine g(7).
-1
Let u(v) = -3*v**2 - 423*v - 4638. What is u(-12)?
6
Let b(c) = c**3 - c**2 - 23*c + 91. Calculate b(8).
355
Let p(z) = -7100*z + 85203. Calculate p(12).
3
Let w(j) = 7*j**2 + 168*j - 54. Give w(-24).
-54
Let i(d) = 37*d + 929. Calculate i(-25).
4
Let z(x) = -x**3 + 2*x**2 + x + 9. Calculate z(3).
3
Let x(r) = r**3 + 17*r**2 + 105*